{"id":9676,"date":"2024-02-21T12:11:06","date_gmt":"2024-02-21T11:11:06","guid":{"rendered":"https:\/\/www.pontdelarche.fr\/?post_type=arretes_prefectoraux&#038;p=9676"},"modified":"2024-03-14T12:11:38","modified_gmt":"2024-03-14T11:11:38","slug":"2024-02-21-ap-nddtm-sebf-2024-019-carpe-de-nuit","status":"publish","type":"arretes_prefectoraux","link":"https:\/\/www.pontdelarche.fr\/en\/arretes-prefectoraux\/2024-02-21-ap-nddtm-sebf-2024-019-carpe-de-nuit\/","title":{"rendered":"2024-02-21 &#8211; AP n\u00b0DDTM SEBF 2024-019 carpe de nuit"},"author":5,"featured_media":0,"template":"","meta":{"_acf_changed":false,"_et_pb_use_builder":"","_et_pb_old_content":"","_et_gb_content_width":"","inline_featured_image":false},"class_list":["post-9676","arretes_prefectoraux","type-arretes_prefectoraux","status-publish","hentry"],"acf":[],"yoast_head":"<!-- This site is optimized with the Yoast SEO plugin v27.5 - https:\/\/yoast.com\/product\/yoast-seo-wordpress\/ -->\n<title>2024-02-21 - AP n\u00b0DDTM SEBF 2024-019 carpe de nuit - Pont de l&#039;Arche<\/title>\n<meta name=\"robots\" content=\"index, follow, max-snippet:-1, max-image-preview:large, max-video-preview:-1\" \/>\n<link rel=\"canonical\" href=\"https:\/\/www.pontdelarche.fr\/en\/arretes-prefectoraux\/2024-02-21-ap-nddtm-sebf-2024-019-carpe-de-nuit\/\" \/>\n<meta property=\"og:locale\" content=\"en_GB\" \/>\n<meta property=\"og:type\" content=\"article\" \/>\n<meta property=\"og:title\" content=\"2024-02-21 - AP n\u00b0DDTM SEBF 2024-019 carpe de nuit - Pont de l&#039;Arche\" \/>\n<meta property=\"og:url\" content=\"https:\/\/www.pontdelarche.fr\/en\/arretes-prefectoraux\/2024-02-21-ap-nddtm-sebf-2024-019-carpe-de-nuit\/\" \/>\n<meta property=\"og:site_name\" content=\"Pont de l&#039;Arche\" \/>\n<meta property=\"article:modified_time\" content=\"2024-03-14T11:11:38+00:00\" \/>\n<meta name=\"twitter:card\" content=\"summary_large_image\" \/>\n<script type=\"application\/ld+json\" class=\"yoast-schema-graph\">{\"@context\":\"https:\\\/\\\/schema.org\",\"@graph\":[{\"@type\":\"WebPage\",\"@id\":\"https:\\\/\\\/www.pontdelarche.fr\\\/arretes-prefectoraux\\\/2024-02-21-ap-nddtm-sebf-2024-019-carpe-de-nuit\\\/\",\"url\":\"https:\\\/\\\/www.pontdelarche.fr\\\/arretes-prefectoraux\\\/2024-02-21-ap-nddtm-sebf-2024-019-carpe-de-nuit\\\/\",\"name\":\"2024-02-21 - AP n\u00b0DDTM SEBF 2024-019 carpe de nuit - Pont de l&#039;Arche\",\"isPartOf\":{\"@id\":\"https:\\\/\\\/www.pontdelarche.fr\\\/#website\"},\"datePublished\":\"2024-02-21T11:11:06+00:00\",\"dateModified\":\"2024-03-14T11:11:38+00:00\",\"breadcrumb\":{\"@id\":\"https:\\\/\\\/www.pontdelarche.fr\\\/arretes-prefectoraux\\\/2024-02-21-ap-nddtm-sebf-2024-019-carpe-de-nuit\\\/#breadcrumb\"},\"inLanguage\":\"en-GB\",\"potentialAction\":[{\"@type\":\"ReadAction\",\"target\":[\"https:\\\/\\\/www.pontdelarche.fr\\\/arretes-prefectoraux\\\/2024-02-21-ap-nddtm-sebf-2024-019-carpe-de-nuit\\\/\"]}]},{\"@type\":\"BreadcrumbList\",\"@id\":\"https:\\\/\\\/www.pontdelarche.fr\\\/arretes-prefectoraux\\\/2024-02-21-ap-nddtm-sebf-2024-019-carpe-de-nuit\\\/#breadcrumb\",\"itemListElement\":[{\"@type\":\"ListItem\",\"position\":1,\"name\":\"Accueil\",\"item\":\"https:\\\/\\\/www.pontdelarche.fr\\\/\"},{\"@type\":\"ListItem\",\"position\":2,\"name\":\"Arr\u00eat\u00e9s pr\u00e9fectoraux et rapports publics\",\"item\":\"https:\\\/\\\/www.pontdelarche.fr\\\/arretes-prefectoraux\\\/\"},{\"@type\":\"ListItem\",\"position\":3,\"name\":\"2024-02-21 &#8211; AP n\u00b0DDTM SEBF 2024-019 carpe de nuit\"}]},{\"@type\":\"WebSite\",\"@id\":\"https:\\\/\\\/www.pontdelarche.fr\\\/#website\",\"url\":\"https:\\\/\\\/www.pontdelarche.fr\\\/\",\"name\":\"Pont-de-l'Arche\",\"description\":\"\",\"publisher\":{\"@id\":\"https:\\\/\\\/www.pontdelarche.fr\\\/#organization\"},\"potentialAction\":[{\"@type\":\"SearchAction\",\"target\":{\"@type\":\"EntryPoint\",\"urlTemplate\":\"https:\\\/\\\/www.pontdelarche.fr\\\/?s={search_term_string}\"},\"query-input\":{\"@type\":\"PropertyValueSpecification\",\"valueRequired\":true,\"valueName\":\"search_term_string\"}}],\"inLanguage\":\"en-GB\"},{\"@type\":\"Organization\",\"@id\":\"https:\\\/\\\/www.pontdelarche.fr\\\/#organization\",\"name\":\"Pont-de-l'Arche\",\"url\":\"https:\\\/\\\/www.pontdelarche.fr\\\/\",\"logo\":{\"@type\":\"ImageObject\",\"inLanguage\":\"en-GB\",\"@id\":\"https:\\\/\\\/www.pontdelarche.fr\\\/#\\\/schema\\\/logo\\\/image\\\/\",\"url\":\"https:\\\/\\\/www.pontdelarche.fr\\\/wp-content\\\/uploads\\\/2023\\\/05\\\/pdla_logo.png\",\"contentUrl\":\"https:\\\/\\\/www.pontdelarche.fr\\\/wp-content\\\/uploads\\\/2023\\\/05\\\/pdla_logo.png\",\"width\":1000,\"height\":250,\"caption\":\"Pont-de-l'Arche\"},\"image\":{\"@id\":\"https:\\\/\\\/www.pontdelarche.fr\\\/#\\\/schema\\\/logo\\\/image\\\/\"}}]}<\/script>\n<!-- \/ Yoast SEO plugin. -->","yoast_head_json":{"title":"2024-02-21 - AP n\u00b0DDTM SEBF 2024-019 carpe de nuit - Pont de l&#039;Arche","robots":{"index":"index","follow":"follow","max-snippet":"max-snippet:-1","max-image-preview":"max-image-preview:large","max-video-preview":"max-video-preview:-1"},"canonical":"https:\/\/www.pontdelarche.fr\/en\/arretes-prefectoraux\/2024-02-21-ap-nddtm-sebf-2024-019-carpe-de-nuit\/","og_locale":"en_GB","og_type":"article","og_title":"2024-02-21 - AP n\u00b0DDTM SEBF 2024-019 carpe de nuit - Pont de l&#039;Arche","og_url":"https:\/\/www.pontdelarche.fr\/en\/arretes-prefectoraux\/2024-02-21-ap-nddtm-sebf-2024-019-carpe-de-nuit\/","og_site_name":"Pont de l&#039;Arche","article_modified_time":"2024-03-14T11:11:38+00:00","twitter_card":"summary_large_image","schema":{"@context":"https:\/\/schema.org","@graph":[{"@type":"WebPage","@id":"https:\/\/www.pontdelarche.fr\/arretes-prefectoraux\/2024-02-21-ap-nddtm-sebf-2024-019-carpe-de-nuit\/","url":"https:\/\/www.pontdelarche.fr\/arretes-prefectoraux\/2024-02-21-ap-nddtm-sebf-2024-019-carpe-de-nuit\/","name":"2024-02-21 - AP n\u00b0DDTM SEBF 2024-019 carpe de nuit - Pont de l&#039;Arche","isPartOf":{"@id":"https:\/\/www.pontdelarche.fr\/#website"},"datePublished":"2024-02-21T11:11:06+00:00","dateModified":"2024-03-14T11:11:38+00:00","breadcrumb":{"@id":"https:\/\/www.pontdelarche.fr\/arretes-prefectoraux\/2024-02-21-ap-nddtm-sebf-2024-019-carpe-de-nuit\/#breadcrumb"},"inLanguage":"en-GB","potentialAction":[{"@type":"ReadAction","target":["https:\/\/www.pontdelarche.fr\/arretes-prefectoraux\/2024-02-21-ap-nddtm-sebf-2024-019-carpe-de-nuit\/"]}]},{"@type":"BreadcrumbList","@id":"https:\/\/www.pontdelarche.fr\/arretes-prefectoraux\/2024-02-21-ap-nddtm-sebf-2024-019-carpe-de-nuit\/#breadcrumb","itemListElement":[{"@type":"ListItem","position":1,"name":"Accueil","item":"https:\/\/www.pontdelarche.fr\/"},{"@type":"ListItem","position":2,"name":"Arr\u00eat\u00e9s pr\u00e9fectoraux et rapports publics","item":"https:\/\/www.pontdelarche.fr\/arretes-prefectoraux\/"},{"@type":"ListItem","position":3,"name":"2024-02-21 &#8211; AP n\u00b0DDTM SEBF 2024-019 carpe de nuit"}]},{"@type":"WebSite","@id":"https:\/\/www.pontdelarche.fr\/#website","url":"https:\/\/www.pontdelarche.fr\/","name":"Pont-de-l'Arche","description":"","publisher":{"@id":"https:\/\/www.pontdelarche.fr\/#organization"},"potentialAction":[{"@type":"SearchAction","target":{"@type":"EntryPoint","urlTemplate":"https:\/\/www.pontdelarche.fr\/?s={search_term_string}"},"query-input":{"@type":"PropertyValueSpecification","valueRequired":true,"valueName":"search_term_string"}}],"inLanguage":"en-GB"},{"@type":"Organization","@id":"https:\/\/www.pontdelarche.fr\/#organization","name":"Pont-de-l'Arche","url":"https:\/\/www.pontdelarche.fr\/","logo":{"@type":"ImageObject","inLanguage":"en-GB","@id":"https:\/\/www.pontdelarche.fr\/#\/schema\/logo\/image\/","url":"https:\/\/www.pontdelarche.fr\/wp-content\/uploads\/2023\/05\/pdla_logo.png","contentUrl":"https:\/\/www.pontdelarche.fr\/wp-content\/uploads\/2023\/05\/pdla_logo.png","width":1000,"height":250,"caption":"Pont-de-l'Arche"},"image":{"@id":"https:\/\/www.pontdelarche.fr\/#\/schema\/logo\/image\/"}}]}},"_links":{"self":[{"href":"https:\/\/www.pontdelarche.fr\/en\/wp-json\/wp\/v2\/arretes_prefectoraux\/9676","targetHints":{"allow":["GET"]}}],"collection":[{"href":"https:\/\/www.pontdelarche.fr\/en\/wp-json\/wp\/v2\/arretes_prefectoraux"}],"about":[{"href":"https:\/\/www.pontdelarche.fr\/en\/wp-json\/wp\/v2\/types\/arretes_prefectoraux"}],"author":[{"embeddable":true,"href":"https:\/\/www.pontdelarche.fr\/en\/wp-json\/wp\/v2\/users\/5"}],"version-history":[{"count":1,"href":"https:\/\/www.pontdelarche.fr\/en\/wp-json\/wp\/v2\/arretes_prefectoraux\/9676\/revisions"}],"predecessor-version":[{"id":9677,"href":"https:\/\/www.pontdelarche.fr\/en\/wp-json\/wp\/v2\/arretes_prefectoraux\/9676\/revisions\/9677"}],"wp:attachment":[{"href":"https:\/\/www.pontdelarche.fr\/en\/wp-json\/wp\/v2\/media?parent=9676"}],"curies":[{"name":"wp","href":"https:\/\/api.w.org\/{rel}","templated":true}]}}

<!-- This site is optimized with the Yoast SEO plugin v27.5 - https://yoast.com/product/yoast-seo-wordpress/ -->
<title>2024-02-21 - AP n°DDTM SEBF 2024-019 carpe de nuit - Pont de l&#039;Arche</title>
<meta name="robots" content="index, follow, max-snippet:-1, max-image-preview:large, max-video-preview:-1" />
<link rel="canonical" href="https://www.pontdelarche.fr/en/arretes-prefectoraux/2024-02-21-ap-nddtm-sebf-2024-019-carpe-de-nuit/" />
<meta property="og:locale" content="en_GB" />
<meta property="og:type" content="article" />
<meta property="og:title" content="2024-02-21 - AP n°DDTM SEBF 2024-019 carpe de nuit - Pont de l&#039;Arche" />
<meta property="og:url" content="https://www.pontdelarche.fr/en/arretes-prefectoraux/2024-02-21-ap-nddtm-sebf-2024-019-carpe-de-nuit/" />
<meta property="og:site_name" content="Pont de l&#039;Arche" />
<meta property="article:modified_time" content="2024-03-14T11:11:38+00:00" />
<meta name="twitter:card" content="summary_large_image" />
<script type="application/ld+json" class="yoast-schema-graph">{"@context":"https:\/\/schema.org","@graph":[{"@type":"WebPage","@id":"https:\/\/www.pontdelarche.fr\/arretes-prefectoraux\/2024-02-21-ap-nddtm-sebf-2024-019-carpe-de-nuit\/","url":"https:\/\/www.pontdelarche.fr\/arretes-prefectoraux\/2024-02-21-ap-nddtm-sebf-2024-019-carpe-de-nuit\/","name":"2024-02-21 - AP n°DDTM SEBF 2024-019 carpe de nuit - Pont de l&#039;Arche","isPartOf":{"@id":"https:\/\/www.pontdelarche.fr\/#website"},"datePublished":"2024-02-21T11:11:06+00:00","dateModified":"2024-03-14T11:11:38+00:00","breadcrumb":{"@id":"https:\/\/www.pontdelarche.fr\/arretes-prefectoraux\/2024-02-21-ap-nddtm-sebf-2024-019-carpe-de-nuit\/#breadcrumb"},"inLanguage":"en-GB","potentialAction":[{"@type":"ReadAction","target":["https:\/\/www.pontdelarche.fr\/arretes-prefectoraux\/2024-02-21-ap-nddtm-sebf-2024-019-carpe-de-nuit\/"]}]},{"@type":"BreadcrumbList","@id":"https:\/\/www.pontdelarche.fr\/arretes-prefectoraux\/2024-02-21-ap-nddtm-sebf-2024-019-carpe-de-nuit\/#breadcrumb","itemListElement":[{"@type":"ListItem","position":1,"name":"Accueil","item":"https:\/\/www.pontdelarche.fr\/"},{"@type":"ListItem","position":2,"name":"Arrêtés préfectoraux et rapports publics","item":"https:\/\/www.pontdelarche.fr\/arretes-prefectoraux\/"},{"@type":"ListItem","position":3,"name":"2024-02-21 &#8211; AP n°DDTM SEBF 2024-019 carpe de nuit"}]},{"@type":"WebSite","@id":"https:\/\/www.pontdelarche.fr\/#website","url":"https:\/\/www.pontdelarche.fr\/","name":"Pont-de-l'Arche","description":"","publisher":{"@id":"https:\/\/www.pontdelarche.fr\/#organization"},"potentialAction":[{"@type":"SearchAction","target":{"@type":"EntryPoint","urlTemplate":"https:\/\/www.pontdelarche.fr\/?s={search_term_string}"},"query-input":{"@type":"PropertyValueSpecification","valueRequired":true,"valueName":"search_term_string"}}],"inLanguage":"en-GB"},{"@type":"Organization","@id":"https:\/\/www.pontdelarche.fr\/#organization","name":"Pont-de-l'Arche","url":"https:\/\/www.pontdelarche.fr\/","logo":{"@type":"ImageObject","inLanguage":"en-GB","@id":"https:\/\/www.pontdelarche.fr\/#\/schema\/logo\/image\/","url":"https:\/\/www.pontdelarche.fr\/wp-content\/uploads\/2023\/05\/pdla_logo.png","contentUrl":"https:\/\/www.pontdelarche.fr\/wp-content\/uploads\/2023\/05\/pdla_logo.png","width":1000,"height":250,"caption":"Pont-de-l'Arche"},"image":{"@id":"https:\/\/www.pontdelarche.fr\/#\/schema\/logo\/image\/"}}]}</script>
<!-- / Yoast SEO plugin. -->

Arrêtés préfectoraux et rapports publics
